{"id":20,"date":"2021-05-18T23:43:01","date_gmt":"2021-05-18T23:43:01","guid":{"rendered":"https:\/\/www.blendpf.com.br\/site\/?page_id=20"},"modified":"2024-11-04T15:34:36","modified_gmt":"2024-11-04T18:34:36","slug":"quem-somos","status":"publish","type":"page","link":"https:\/\/www.blendpf.com.br\/site\/quem-somos\/","title":{"rendered":"Quem Somos"},"content":{"rendered":"<p><img decoding=\"async\" class=\"alignleft wp-image-90 size-full\" src=\"https:\/\/www.blendpf.com.br\/site\/wp-content\/uploads\/2021\/05\/sb.png\" alt=\"\" width=\"184\" height=\"172\" loading=\"lazy\" \/>A BLEND SOLUTION est\u00e1 h\u00e1 mais de 16 anos no mercado e \u00e9 especializada no desenvolvimento, produ\u00e7\u00e3o e comercializa\u00e7\u00e3o de f\u00f3rmulas para empresas do segmento aliment\u00edcio. Somos uma empresa certificada pelos selos ISO 9001:2015, ISO 22000:2018, tornando nossa excel\u00eancia em qualidade.<\/p>\n<p>Nossos produtos s\u00e3o ideais para empresas e ind\u00fastrias de panifica\u00e7\u00e3o que buscam pelo produto ideal para melhorar os resultados das receitas. Comprometida com o sucesso de nossos clientes, a Blend Solution est\u00e1 sempre evoluindo e buscando as melhores solu\u00e7\u00f5es.<\/p>\n<p>Isso acontece gra\u00e7as a uma equipe de especialistas que prestam consultoria e ajudam nossos clientes a encontrar o melhor para cada receita, com formula\u00e7\u00f5es individualizadas. A sede da empresa fica em Passo Fundo, no norte do estado do Rio Grande do Sul.<\/p>\n<h1 style=\"text-align: center;\">Consultoria e f\u00f3rmulas individualizadas garantem que a Blend Solution cumpra seu objetivo!<\/h1>\n<blockquote>\n<h2>Miss\u00e3o<\/h2>\n<p>Ser refer\u00eancia no fornecimento de enzimas e elabora\u00e7\u00e3o de blends para o mercado nacional das empresas e ind\u00fastrias do segmento aliment\u00edcio.<\/p><\/blockquote>\n<blockquote>\n<h2>Vis\u00e3o<\/h2>\n<p>Cooperar, auxiliar, ser atuante de forma flex\u00edvel e customizada, valorizando a criatividade de quem produz.<\/p><\/blockquote>\n<blockquote>\n<h2>Valores<\/h2>\n<p>\u00c9tica, transpar\u00eancia, integridade, agilidade,\u00a0 sustentabilidade, foco em resultado, inova\u00e7\u00e3o, excel\u00eancia, credibilidade e flexibilidade.<\/p><\/blockquote>\n<blockquote>\n<h2>Pol\u00edtica de Qualidade<\/h2>\n<p>-Fornecer produtos conforme as necessidades dos clientes no prazo solicitado.<br \/>\n-Treinar colaboradores com foco na qualidade.<br \/>\n-Buscar a melhoria cont\u00ednua, atrav\u00e9s de indicadores que possam sustentar a estrat\u00e9gia da empresa.<\/p><\/blockquote>\n<blockquote>\n<h2>Pol\u00edtica de Seguran\u00e7a de Alimentos<\/h2>\n<p>-Satisfazer os requisitos de seguran\u00e7a de alimentos aplic\u00e1veis e os acordados com os clientes;<br \/>\n-Manter a comunica\u00e7\u00e3o com as partes interessadas;<br \/>\n-Garantir as compet\u00eancias necess\u00e1rias relativas \u00e0 seguran\u00e7a de alimentos;<br \/>\n-Busca da melhoria continua do Sistema de Gest\u00e3o de Seguran\u00e7a de Alimentos, atrav\u00e9s de indicadores que possam sustentar a estrat\u00e9gia da empresa.<\/p><\/blockquote>\n<p><img decoding=\"async\" class=\"aligncenter wp-image-288 size-full\" src=\"https:\/\/www.blendpf.com.br\/site\/wp-content\/uploads\/2024\/10\/aq.webp\" alt=\"\" width=\"874\" height=\"485\" loading=\"lazy\" srcset=\"https:\/\/www.blendpf.com.br\/site\/wp-content\/uploads\/2024\/10\/aq.webp 874w, https:\/\/www.blendpf.com.br\/site\/wp-content\/uploads\/2024\/10\/aq-300x166.webp 300w, https:\/\/www.blendpf.com.br\/site\/wp-content\/uploads\/2024\/10\/aq-768x426.webp 768w\" sizes=\"(max-width: 874px) 100vw, 874px\" \/><\/p>\n","protected":false},"excerpt":{"rendered":"<p>A BLEND SOLUTION est\u00e1 h\u00e1 mais de 16 anos no mercado e \u00e9 especializada no [&hellip;]<\/p>\n","protected":false},"author":1,"featured_media":0,"parent":0,"menu_order":0,"comment_status":"closed","ping_status":"closed","template":"","meta":{"footnotes":""},"class_list":["post-20","page","type-page","status-publish","hentry"],"_links":{"self":[{"href":"https:\/\/www.blendpf.com.br\/site\/wp-json\/wp\/v2\/pages\/20"}],"collection":[{"href":"https:\/\/www.blendpf.com.br\/site\/wp-json\/wp\/v2\/pages"}],"about":[{"href":"https:\/\/www.blendpf.com.br\/site\/wp-json\/wp\/v2\/types\/page"}],"author":[{"embeddable":true,"href":"https:\/\/www.blendpf.com.br\/site\/wp-json\/wp\/v2\/users\/1"}],"replies":[{"embeddable":true,"href":"https:\/\/www.blendpf.com.br\/site\/wp-json\/wp\/v2\/comments?post=20"}],"version-history":[{"count":16,"href":"https:\/\/www.blendpf.com.br\/site\/wp-json\/wp\/v2\/pages\/20\/revisions"}],"predecessor-version":[{"id":305,"href":"https:\/\/www.blendpf.com.br\/site\/wp-json\/wp\/v2\/pages\/20\/revisions\/305"}],"wp:attachment":[{"href":"https:\/\/www.blendpf.com.br\/site\/wp-json\/wp\/v2\/media?parent=20"}],"curies":[{"name":"wp","href":"https:\/\/api.w.org\/{rel}","templated":true}]}}